p be 0 + (8 + 1)*-1. Let l = -4 - p. List the prime factors of l.
5
Let p = -13 - -19. Let q = p - -6. List the prime factors of q.
2, 3
Let c(x) be the first derivative of -3*x**2 - x + 2. Let p be c(-3). Let j = p + -8. What are the prime factors of j?
3
Suppose -7*t = -134 - 335. List the prime factors of t.
67
Suppose -10 = 3*h + 17. Let l(i) = -9*i + 4 - 3*i**2 + i**3 + 11*i**2 + 7. List the prime factors of l(h).
11
List the prime factors of -1 + -1 - (-2 - 145).
5, 29
Suppose 0*x + 6 = 2*x. List the prime factors of x.
3
Let d(f) = -f**3 + 7*f**2 - 4*f - 1. Suppose 3*q + 4 = -t, t = -0*q + q. Let w = 7 + q. List the prime factors of d(w).
11
Let h(v) = 4*v. Let t be h(4). What are the prime factors of (-1 - -4)/(6/t)?
2
Let w = 2 - 1. Let d(n) = 3*n - n - 2*n + 8*n. What are the prime factors of d(w)?
2
Suppose -2*t - g = -38, 2*t = -4*g + 3 + 23. Suppose 0 = 2*o - t - 15. What are the prime factors of o?
2, 3
Let p(o) = 9*o**2. Let s be p(-1). Suppose -3 = 2*r - s. List the prime factors of r.
3
Suppose m + 3*m - 144 = 0. List the prime factors of m.
2, 3
Suppose -5*q + 53 = 3. Let k = q - 6. List the prime factors of k.
2
Let d be 10/(-15) - 4/(-6). Suppose d = k + 4*k + 75. List the prime factors of (-1)/2 + k/(-2).
7
Let p be 14/6 - (-1)/(-3). Suppose 0 - 2 = -p*c. Suppose 4 = y + c. List the prime factors of y.
3
Suppose -5*s + 2*y + 52 = -0*y, -5*s - 2*y = -68. What are the prime factors of (1 + s/(-4))*-8?
2
Let m be (2 + 2)*45/(-20). What are the prime factors of ((-1)/(-2))/(m/(-270))?
3, 5
Let d = 13 - 3. Let w be 2/(-1*(-2)/d). List the prime factors of w/((1 - 0)*1).
2, 5
Let p(x) = 14*x**2 - 2*x - 1. What are the prime factors of p(2)?
3, 17
Suppose 2*m - 3*b - 196 = 0, b + 99 = 2*m - m. List the prime factors of m.
101
Let p be (-5 + -2 - -3)*-1. Suppose -5*k + p*h + 18 = -0*h, -k - 5*h = 8. List the prime factors of k.
2
Let t(j) = -j**3 + 8*j**2 - 6*j - 10. Let c be t(7). Let o = 1 - c. List the prime factors of o.
2
Suppose 39*k = 35*k + 620. List the prime factors of k.
5, 31
Suppose -1057 = -3*j - 4*o, -6*o + 3*o = -j + 335. List the prime factors of j.
347
Let v(u) = -18 + 3*u**2 + 32 - 17. List the prime factors of v(3).
2, 3
Suppose 1294 = 8*m - 1114. What are the prime factors of m?
7, 43
Suppose -2*y = -2*s - 4, -s + 3*s = -4*y - 4. Suppose y = -5*k + 77 + 63. Suppose k = -g + 6*g + 2*f, -5*f = -g - 16. What are the prime factors of g?
2
Let u = 46 - 0. Suppose 5*k = u + 9. List the prime factors of k.
11
Let l(n) = n**2 + 4*n + 1. What are the prime factors of l(-8)?
3, 11
Let k(y) = y**3 - 5*y**2 + y - 7. Let i be k(5). Let b(j) = -6*j - 4. Let q(l) = -2*l - 1. Let n(h) = -3*b(h) + 10*q(h). What are the prime factors of n(i)?
2, 3
Let o(h) = 34*h**2 + 1. Let b be o(1). Suppose -b = -2*v + 3*g, -3*g - 42 - 19 = -4*v. List the prime factors of v.
13
Suppose 4*g + a - 40 = -3*a, -2*a + 9 = g. Suppose c - 11 = g. Suppose -2*v - 2*m + c + 8 = 0, 10 = 2*v - 3*m. List the prime factors of v.
11
Let r(y) = -y**2 + 14*y - 7. What are the prime factors of r(10)?
3, 11
Suppose -203 = -k - 2*s, 279 = k - 3*s + 91. What are the prime factors of k?
197
Let q(u) = -u**3 + 4*u**2 + 5. Let z be q(4). Let f(o) = -6 + 6 - 3*o + 4*o + z*o**2. List the prime factors of f(1).
2, 3
Let g(h) = h**2 - 4*h - 5. Let v be g(5). Suppose v = 6*k - 3*k - 30. List the prime factors of k.
2, 5
Let n = -8 + 26. What are the prime factors of ((-14)/3)/(n/(-81))?
3, 7
What are the prime factors of (-4)/(-14) + (-4024)/(-28)?
2, 3
Let h(r) = 14*r**2 + r. Let u(d) = -d**2 + 5*d - 1. Let p be u(5). List the prime factors of h(p).
13
Suppose 5*s = -2*q + 44, -3*q = -2*q + 2*s - 24. Let y = q - 19. What are the prime factors of y?
13
Suppose 0 = -3*b - 2*p + 15, p + 3 = -3*b + 5*b. Suppose 0 = -2*l + b*l - 73. Let q = -49 + l. What are the prime factors of q?
2, 3
Let b = 23 + -1. Suppose 0 = -2*f + 3*h - 9, 4*f = 5*f - 5*h + b. List the prime factors of f.
3
Let q be (-38)/(-5) + (-16)/(-40). Suppose 2*u - 48 = -d, q*d = -5*u + 3*d + 130. What are the prime factors of u?
2, 11
Let y = -6 + 10. Let s = 8 + -5. Suppose s*x + d - 43 = 0, -2*x + 3 = y*d - 9. List the prime factors of x.
2
Suppose c - 35 = -4*c. List the prime factors of c.
7
Suppose 60 = 3*d - 3*o + 4*o, -2*d - o + 40 = 0. Let z = -14 + d. What are the prime factors of z?
2, 3
Let g = 165 + -7. What are the prime factors of g?
2, 79
Let l(x) = -x**2 + 12*x - 10. Let i be l(7). Let z = i + -12. List the prime factors of z.
13
Suppose 5*r - 54 = 3*r. List the prime factors of r.
3
Let l = 4 - 1. Suppose l*t + 2*t - 50 = 0. List the prime factors of t.
2, 5
Let a be 260/12 + (-1)/(-3). Suppose -4*k + a = -6. List the prime factors of k.
7
Let g = 24 - -41. List the prime factors of g.
5, 13
Suppose 784 = 23*g - 19*g. What are the prime factors of g?
2, 7
Suppose 5*s - 81 = 2*s. List the prime factors of s.
3
Let v be -1 - (-39)/(-6)*-2. Suppose -3*b + 7*b - v = 0. List the prime factors of b.
3
Let f(p) = -p**2 - 7*p - 7. Let v be f(-5). Suppose 3*h - 6 = v*k, h + k = 5*h - 8. Suppose 3*x = -x, -h*j + 4*x + 30 = 0. What are the prime factors of j?
3, 5
Suppose 4*l + 2*x - 318 = 0, 3*l - 5*x = l + 165. Suppose 5*r = -0*r + l. List the prime factors of r.
2
Let z(s) = -68*s**3. What are the prime factors of z(-1)?
2, 17
Let f(g) be the first derivative of g**4/4 - 4*g**3/3 + g**2/2 - 4*g + 1. Let p be f(4). Let l = 7 + p. List the prime factors of l.
7
Let o be -1*1 + 8/(-2). Let w be 8/36 + (-7)/(-9). List the prime factors of (o - -4)/(w/(-4)).
2
Suppose -k + 4*k = 15. Let z(r) = r**3 - 4*r**2 - 3*r. What are the prime factors of z(k)?
2, 5
Suppose -z + 2*w + 35 = -2*w, 2*w + 31 = z. Let j = 6 + z. What are the prime factors of j?
3, 11
What are the prime factors of 69 + 1/(-1) + 1?
3, 23
Suppose 4*o + 35 = 127. Let d = -4 + o. List the prime factors of d.
19
Suppose 2*j = a - 177 + 452, 686 = 5*j - 4*a. Suppose 0 = p - 6*p + 5. List the prime factors of p/(-2) - j/(-12).
11
Let v = -4 + -1. Let g = v - -3. List the prime factors of 10/((-1)/(g/4)).
5
Suppose 0 = 4*y - 2*l + 46, 2*y - 4*y - 41 = 5*l. Let w = y - -20. List the prime factors of w.
7
Let t be 2/(-4) + (-175)/(-14). Let d(m) = -m**3 + 13*m**2 - 10*m - 3. What are the prime factors of d(t)?
3, 7
Let y(n) = -n**2 + 16*n + 20. List the prime factors of y(15).
5, 7
What are the prime factors of (12/10)/((-3)/(-160))?
2
Suppose 2*u = 3*s - 0*u - 279, u + 92 = s. List the prime factors of s.
5, 19
Let m(n) = 2*n**2 + 14*n + 8. List the prime factors of m(-9).
2, 11
Let c(x) be the first derivative of x**2/2 - 2*x - 3. Suppose -b + 4*b = 15. List the prime factors of c(b).
3
Let r = -5 - -8. Let u(v) = v**3 - v**2 - 2*v + 4. What are the prime factors of u(r)?
2
Let m be 15/10 + (-3)/2. Let s be (3*12 - m) + 1. Suppose 5*b - f = -3*f + 33, 0 = 5*b - 2*f - s. What are the prime factors of b?
7
Let m = -155 + 185. List the prime factors of m.
2, 3, 5
Let m(t) = t. Let r(z) = -3*z + 12. Let i(u) = 2*m(u) + r(u). Let j be i(0). Let o = -2 + j. What are the prime factors of o?
2, 5
Let i be 12/8*(1 - 3). Let h be i/9 + (-3)/(-9). Suppose h*t - t = -11. What are the prime factors of t?
11
Let j(d) = -d**2 - 18*d - 12. List the prime factors of j(-7).
5, 13
Let n(y) = -y**3 - 11*y**2 - 12*y - 8. Let i be n(-10). Suppose 7*k - i = 5*k. What are the prime factors of k?
2, 3
Let r(w) = -w**3 + 19*w**2 + w + 20. What are the prime factors of r(19)?
3, 13
List the prime factors of -5 - -4 - (-326 - 3).
2, 41
Let p = -4 + 6. Let q be 34/9 - p/(-9). Suppose -q*l + 64 = -4*d, l - 3*d + 56 = 6*l. What are the prime factors of l?
13
Let t(j) be the first derivative of -j**3/3 + 4*j**2 - 5*j + 3. Let p(q) = q**2 + q - 1. Let f be p(-3). List the prime factors of t(f).
2, 5
Suppose 2*x = -x + 54. Suppose y = 4*d - x, d + 2*d = -2*y + 19. What are the prime factors of d?
5
Let l(x) = -4*x + 1. Let a be l(-1). Suppose 3*o = -3*v - 6, 2*v + a*o - 1 = 4*o. Suppose u - v*z = 4*u - 24, -13 = -5*u + 4*z. What are the prime factors of u?
5
Let o = -8 - -5. Let g be (-4)/(-1*o/(-9)). Suppose 2*q - g = -2*t + q, q = t. List the prime factors of t.
2
Suppose -2*s + 299 + 307 = 4*m, 0 = m - 2*s - 139. Suppose 4*v = -21 + m. Suppose v = -5*k + 77. What are the 